1bc771
What is -1013152 (base 7) in base 11?
-83040
What is -1512b06 (base 15) in base 3?
-1001200122102220
Convert -127214 (base 8) to base 13.
-17453
37a087 (base 11) to base 7
5043326
What is -320549 (base 10) in base 2?
-1001110010000100101
Convert bb2669 (base 12) to base 6.
143352213
41321211 (base 5) to base 2
1010010101111110011
What is -2a67843 (base 13) in base 12?
-46581a4
Convert -1001035 (base 8) to base 3.
-111100100002
Convert -14410401 (base 5) to base 10.
-153851
Convert 466787 (base 9) to base 12.
11645a
What is 196d51a (base 14) in base 2?
110000001101001111000100
1c3c00 (base 13) to base 3
1100201021121
What is -29b83 (base 14) in base 16?
-19577
Convert 1430544 (base 6) to base 15.
193c1
What is -223300031 (base 4) in base 14?
-4944d
Convert 2043013 (base 6) to base 7.
562035
Convert -122404 (base 5) to base 3.
-20111011
What is -2663280 (base 9) in base 13?
-3c10bc
-624552 (base 11) to base 6
-33244530
What is -123330020102 (base 4) in base 14?
-d89238
What is -70467 (base 12) in base 14?
-3b1cb
Convert 42696 (base 12) to base 2.
10101010101010010
2114013 (base 6) to base 14
298b7
What is -201101111 (base 4) in base 9?
-226838
Convert 66269 (base 15) to base 11.
201925
-35849 (base 10) to base 14
-d0c9
-27024a (base 13) to base 6
-32113201
242125535 (base 6) to base 14
874763
599773 (base 10) to base 3
1010110201211
2244b6 (base 14) to base 7
12616516
80158 (base 13) to base 7
1641565
What is -31417 (base 15) in base 11?
-a7375
Convert 3225203 (base 7) to base 5.
100040204
Convert 20e076 (base 15) to base 10.
1566111
10324412 (base 5) to base 3
11112120112
Convert -51bc9 (base 15) to base 6.
-5315500
What is 677c93 (base 13) in base 3?
11121020012102
101001100010111110101 (base 2) to base 8
5142765
Convert -22223213 (base 5) to base 10.
-195433
What is -153152 (base 6) in base 8?
-35174
39af65 (base 16) to base 4
32122331211
Convert 10200610 (base 7) to base 3.
1121120012201
Convert -51034404 (base 6) to base 15.
-1d9ee1
1366447 (base 9) to base 2
10110111110000110111
Convert -1aa0b5a (base 13) to base 6.
-513111015
-4260165 (base 7) to base 3
-222100112120
13bc77 (base 15) to base 13
273c43
Convert -2401020 (base 6) to base 13.
-44970
What is 954d0 (base 14) in base 15?
71bda
What is 331854 (base 14) in base 4?
12213013302
What is -118bc4 (base 13) in base 6?
-12553521
Convert -5089a24 (base 11) to base 13.
-1b29140
Convert -207023 (base 16) to base 11.
-122220a
What is -11010000010000101011 (base 2) in base 12?
-3517a3
Convert 325005 (base 11) to base 10.
519095
Convert 3c97 (base 16) to base 15.
48e1
Convert -4541628 (base 9) to base 10.
-2448494
1121220001111 (base 3) to base 12
357b41
What is -1323013024 (base 5) in base 16?
-32cc73
891b3a (base 13) to base 9
6064703
Convert -112113003 (base 4) to base 16.
-165c3
What is -929410 (base 12) in base 13?
-625740
What is 37134 (base 13) in base 10?
101274
Convert 1105302 (base 9) to base 6.
20423432
What is 270c1c (base 13) in base 7?
11012560
Convert 398a9 (base 11) to base 13.
1cc2a
24405634 (base 7) to base 12
895714
Convert dd95 (base 16) to base 9.
85727
Convert -50472 (base 10) to base 16.
-c528
-33355 (base 6) to base 14
-19c3
-5304033 (base 6) to base 15
-51463
Convert 97cb0 (base 16) to base 13.
189cc6
Convert -11188337 (base 9) to base 16.
-52e2f8
What is 111010022001100 (base 3) in base 9?
14108040
What is -162623543 (base 7) in base 2?
-101010001001010101110010
What is 52505352 (base 7) in base 15?
5ca39c
What is -897a3 (base 13) in base 14?
-66d4d
What is -286036 (base 9) in base 6?
-3430053
Convert aa34a (base 11) to base 10.
160137
Convert -61945 (base 12) to base 14.
-34669
What is -121672 (base 11) in base 7?
-1431064
Convert 16786 (base 13) to base 10.
43036
Convert -1ba54 (base 15) to base 8.
-257737
-9602 (base 16) to base 11
-26941
Convert 123046 (base 7) to base 9.
34081
What is -203540 (base 7) in base 11?
-24262
What is 106354 (base 9) in base 13?
23002
What is -158178 (base 14) in base 5?
-143032113
-215553202 (base 6) to base 16
-3bcac2
What is -102011120120 (base 3) in base 10?
-219849
Convert 2134412434 (base 5) to base 8.
21446414
100101001001111111 (base 2) to base 12
740a7
What is -353400 (base 6) in base 2?
-111011110001000
-14002420 (base 7) to base 15
-1a8aaa
74730 (base 13) to base 6
4255533
Convert d14cd6 (base 15) to base 6.
553005233
11011011011111101 (base 2) to base 5
12044011
Convert -17086086 (base 9) to base 10.
-8559996
1761531 (base 8) to base 16
7e359
Convert -927458 (base 11) to base 9.
-2717875
-11010001011001100111 (base 2) to base 10
-857703
Convert 215926 (base 12) to base 14.
da7a6
33166 (base 8) to base 11
a525
-1776484 (base 9) to base 6
-33200421
Convert -57515 (base 8) to base 12.
-12151
Convert -16633ca (base 13) to base 15.
-97d282
What is 40003351 (base 6) in base 3?
2002221002011
Convert 201032201323 (base 4) to base 12.
2b007b7
What is -2125654 (base 8) in base 7?
-4554444
2021343 (base 5) to base 7
164255
What is 101121000211102 (base 3) in base 15?
7631e8
b080 (base 13) to base 2
101111011001111
What is -1111010000110001 (base 2) in base 15?
-137c8
-7b96a (base 14) to base 9
-507743
267d3 (base 16) to base 11
a849a
-11034141 (base 5) to base 15
-1d766
Convert -41b2 (base 16) to base 11.
-116aa
-22121000010 (base 3) to base 12
-81a63
What is -12950 (base 13) in base 14?
-c833
What is -4b879 (base 16) in base 3?
-120201101010
Convert -135050 (base 6) to base 15.
-3bb9
What is -223223010 (base 4) in base 16?
-2bac4
Convert -2266655 (base 7) to base 13.
-a0079
-29823a (base 12) to base 3
-1022111002101
-1133222020 (base 4) to base 15
-7b161
100003303111 (base 4) to base 12
14b0331
Convert 1011010100110111000111 (base 2) to base 12.
bb2233
Convert -231203423 (base 6) to base 10.
-4262055
What is -156d9 (base 16) in base 6?
-1514201
Convert 766501 (base 8) to base 3.
111002000022
What is -10111111101011100110 (base 2) in base 13?
-216494
What is -3504000 (base 7) in base 10?
-438354
-22111210222 (base 4) to base 14
-507774
What is -10120100122 (base 3) in base 11?
-48859
154225 (base 6) to base 15
478e
Convert 22020110200202 (base 3) to base 8.
20550400
-100200111221 (base 3) to base 11
-120264
-304546 (base 8) to base 6
-2054130
Convert 441324141 (base 5) to base 12.
7786b0
Convert -31033313020 (base 4) to base 10.
-3472840
What is -1222475 (base 8) in base 3?
-122010120101
Convert 34830 (base 9) to base 3.
1011221000
What is 18a7660 (base 12) in base 6?
303220200
375431 (base 8) to base 2
11111101100011001
10101111000000101110 (base 2) to base 14
149354
Convert 21210300000 (base 4) to base 12.
a10540
Convert -114896 (base 10) to base 11.
-79361
What is -63388 (base 11) in base 10?
-92298
Convert -23caad (base 16) to base 5.
-1100030040
Convert 1853b1b (base 12) to base 13.
1091633
Convert -1b6774 (base 14) to base 10.
-978338
Convert -2302132114 (base 5) to base 13.
-10a1034
31a4d (base 16) to base 12
99811
What is 11320655 (base 7) in base 11?
620966
What is 1002012131131 (base 4) in base 16?
108675d
-6480d (base 15) to base 11
-1a8798
What is 2654 (base 16) in base 4?
2121110
Convert -5a757 (base 11) to base 12.
-42714
What is -43052507 (base 8) in base 9?
-18266655
What is 13474c (base 14) in base 12?
281154
What is -52819 (base 11) in base 16?
-12c37
-230b1c8 (base 14) to base 11
-9479317
What is -22212102 (base 3) in base 6?
-45532
Convert -4313424 (base 6) to base 10.
-212056
Convert -1110100010000001100111 (base 2) to base 7.
-44244034
-2320011111 (base 5) to base 9
-10758250
403146 (base 9) to base 4
322032222
1211204331 (base 5) to base 12
b48732
What is -10111000100101001 (base 2) in base 8?
-270451
Convert -a9c2b9 (base 14) to base 2.
-10101111101101000011011
Convert 60 (base 13) to base 15.
53
-1000100000110 (base 2) to base 13
-1ca3
What is 1b75a5 (base 14) in base 16?
ef6fd
-1326475 (base 9) to base 16
-b15cc
-10425210 (base 6) to base 4
-1030312212
What is -1424524 (base 9) in base 13?
-215b87
Convert -8d7670 (base 14) to base 13.
-ccb052
Convert -76aa4d (base 14) to base 13.
-aabbcb
What is 105838 (base 15) in base 13?
213221
What is -304002134 (base 5) in base 14?
-241d49
Convert 1a4d76 (base 16) to base 15.
240b2b
Convert -30e636 (base 16) to base 15.
-4347e2
Convert -96658b (base 13) to bas